 is the units digit of w(18)?
7
Let r be 14/4*(13 + -11). Suppose -r*i = -2*i + 4*h - 33, 0 = -i - 4*h - 3. Suppose 5*d = -i + 24. What is the units digit of d?
3
Suppose 2*q - 5*k - 66 = 0, -2*k + 27 = q + 3. Let g be 7/(49/66)*q. What is the units digit of 5*(g/15)/2?
4
What is the thousands digit of ((-28)/3)/(100487/(-200838) - 5/(-10))?
7
Suppose -53*u + 2*n + 4820 = -49*u, -4*n = u - 1178. What is the tens digit of u?
0
Let q be 0/(3/12 + 20/(-16)). Suppose 2*b + 9 = -v, -3*v - v - 2*b - 54 = q. What is the hundreds digit of 3/v + (-6984)/(-45)?
1
What is the tens digit of ((-6)/(-1))/((-1686)/(-254024))?
0
Let a(u) = -u**3 + 12*u**2 - 17*u - 23. Let y be a(10). Suppose -c + 3*t - y*t + 828 = 0, 0 = -4*c - t + 3372. What is the tens digit of c?
4
Suppose 3*l + 3 = 5*w - 571, 3*l - 104 = -w. Let b = -6 + 6. What is the hundreds digit of b + w + -7 + 4?
1
Suppose 2*x - 22 - 4 = -4*d, -4*d + 14 = -2*x. Suppose -c = -d*c + 20. Suppose -2*m = -c*m + 126. What is the units digit of m?
2
Let o(w) = -w**3 + 2*w**2 - 6*w + 95. Let z(l) = 3*l**2 - 11*l - 4. Let d be z(4). What is the units digit of o(d)?
5
Let v(n) = 3*n**2 - 91*n - 1129. What is the units digit of v(78)?
5
Suppose -v + 0 + 6 = 2*f, 2*v + 6 = 2*f. Suppose -a = f - 1. What is the units digit of ((-265)/(-15))/(a/6*-1)?
3
Suppose 0 = 33*g + 16*g - 62*g + 26390. What is the tens digit of g?
3
Let s = 559 - -215. Let m = s - 366. What is the units digit of m?
8
Suppose 0 = -4*q - 2*s - 0 + 8, -2 = -q + s. Let h be -6 + (q/2 - 1). What is the units digit of 3/h - (-81)/6?
3
Let o = -22240 - -42827. What is the thousands digit of o?
0
What is the tens digit of (4/(-32)*-92 - -7)*1282?
1
Suppose -23*x = -21*x - 6. Suppose -2*b = -4*b - p + 1468, -x*p = b - 734. What is the units digit of b?
4
Suppose 5*f = 15, 15*x - 13*x = -4*f + 14934. What is the thousands digit of x?
7
Suppose -3*v + 36 = 60. Let h(q) = 14*q**2 + 7*q + 104. What is the tens digit of h(v)?
4
What is the hundreds digit of 55198/234 - 24/27?
2
Let x be (-10)/(28/98 + 26/(-42)). Suppose x = -h + 7*h. Suppose h*f - 1219 = 3*m, -5*m = -3*f - 2*m + 735. What is the hundreds digit of f?
2
Let u = -18229 - -33308. What is the tens digit of u?
7
Let n = -12 - -14. Let i(k) = n*k + 36 - 8 + 49 + 11 + k**2. What is the units digit of i(0)?
8
Let m(k) = -38*k**3 + 5*k**2 - 2*k + 3. Let g = 547 - 550. What is the thousands digit of m(g)?
1
Let f(h) = h**2 - 21*h + 14. Let x be f(10). Let c = 128 + x. Let i = 111 + c. What is the hundreds digit of i?
1
Let a = 9952 - 3464. What is the thousands digit of a?
6
Suppose 12098 = -211*w + 23074 + 60553. What is the units digit of w?
9
Let s = 177 + -152. Suppose s*x = 4*x + 11634. What is the units digit of x?
4
Let u(j) = -j - 2. Let o be u(-5). Suppose -3*i = -0*i - o. What is the hundreds digit of (4 + -5)/(i/(-179))?
1
Let j(w) = 11*w - 9. Let s(y) = 55*y - 47. Let l(g) = -11*j(g) + 2*s(g). What is the units digit of l(-47)?
2
Let j(c) = 2*c**3 + 35*c**2 - 13*c - 20. Let t be j(-18). Let o = t - -109. What is the units digit of 104 + (-4 - 5*(o - 0))?
5
Let a(u) = -2*u**2 + 5*u + 14. Let z be a(4). What is the hundreds digit of (z - 632/10)/(48/(-120))?
1
Let b(s) = -23966*s + 146. What is the hundreds digit of b(-2)?
0
Let u(v) = 0*v + 49 - 6*v - 4*v - 295 + 0*v. What is the units digit of u(-25)?
4
Suppose -158*n + 168*n = 15130. Suppose -3*u + n = -542. What is the hundreds digit of u?
6
Let y(n) = 5*n - 18. Let s be y(4). Let o(f) = s*f + 3 - 1 - 2. What is the tens digit of o(6)?
1
Suppose -29*a = -19*a - 17130. Let f = -631 + a. What is the tens digit of f?
8
Let q(z) = -z**2 + 6*z - 5. Let j be q(6). Let i be (1 - j/1)*(-7)/14. What is the tens digit of (2 - 3)*-57 - (4 + i)?
5
Let w be (23/2)/((-1)/(-10)*5). Let k = w + 433. Suppose 4*c = 4*h + 456, -k = -4*c - 3*h - 2*h. What is the tens digit of c?
1
Let x(j) = 2 - j**3 - 9 - 27*j - 23 + 5 + 21*j**2 - 7. What is the hundreds digit of x(13)?
9
Let b = -43 + 54. Suppose b*w - 2600 = 3516. Suppose 5*y - 5*x - w = y, -3*y + 2*x = -417. What is the units digit of y?
9
Suppose 5*s - j = 216871, 2*s - 49681 = 4*j + 37053. What is the tens digit of s?
7
Suppose 3*c + 5 = 2*s, 5*s - 3*s + 5*c - 13 = 0. Suppose -4*h + 1343 = 2*b - 1151, -s*b - 1262 = -2*h. What is the units digit of h?
5
Suppose 39*v - 22*v + 317175 = 22*v. What is the ten thousands digit of v?
6
Suppose -12*m = 14*m - 63570. Suppose 6*f - 6699 - m = 0. What is the hundreds digit of f?
5
Let i(m) = 93*m - 47. Let l be i(6). Suppose -4*f = h - 1027, 3*f - l = f - 3*h. What is the units digit of f?
7
Let h(j) = -2*j**3 - 36*j**2 + 12*j + 52. Let a be h(-18). Let m = -14 + -298. Let o = a - m. What is the tens digit of o?
4
Suppose 24*y + 17*y + 9635 = 0. Let z = 748 + y. What is the units digit of z?
3
What is the hundreds digit of -30379*(-2 - (-18)/(-4 + 10))/(-1)?
3
Suppose 0 = -14*w + 21*w - 1673. Suppose 0 = 4*f + 5*n - 31, 0 = -2*f + 3*n - 2*n + 19. Let r = f + w. What is the hundreds digit of r?
2
Suppose u - 3*u - 2*u = 0. Suppose u = 4*a - 0*a - a. Suppose -6*r - 3*o = -r - 714, a = 4*r + o - 574. What is the tens digit of r?
4
Let j be 89682/8 + 1 + 13/(-52). Suppose j = 20*k - 2969. What is the tens digit of k?
0
Let b(z) = z**3 - 14*z**2 + 14*z + 27. Let p be b(14). Let c(t) = -27 - p*t**3 - 11*t**2 + 225*t**3 - 3*t + t. What is the units digit of c(8)?
7
Let t(c) = -6*c**2 + 23*c - 23. Let p(q) = 23*q**2 - 94*q + 93. Let n(a) = -2*p(a) - 9*t(a). What is the units digit of n(7)?
0
Let s(u) = 3584*u - 96. What is the thousands digit of s(5)?
7
Let i = -63 + 286. Let j = i - 803. What is the hundreds digit of (-126)/70*j/6?
1
Let z(y) = -90*y - 20. Let u be z(-6). Suppose -w + u = w. Suppose -3*x = -5*o - w, 5*o - 370 = 2*x - 6*x. What is the tens digit of x?
9
Let l(s) = 49*s**3 + 11*s**2 - 68*s + 58. What is the hundreds digit of l(6)?
6
Let u(n) = 5*n - 82. Let q be u(16). What is the units digit of q/5 - 4956/(-15)?
0
Suppose -4*s + 2*c = -608, -s + 24*c - 25*c = -146. Suppose -10*i + s = -8*i - 5*d, 3*d = 0. What is the units digit of i?
5
Let t(v) = v**3 - 6*v + 7. Suppose -3*q = 10*q - 65. What is the units digit of t(q)?
2
Suppose 2*d + 13 = -2*d + 5*t, 3*d + 2 = -4*t. What is the tens digit of (16/10)/(d/(-540))?
3
Let t(q) = -11373*q - 7557. What is the units digit of t(-8)?
7
Let l be (21/35)/(2 + -1)*-10. Let g(q) = -200*q - 165. What is the tens digit of g(l)?
3
Let d = 491 + -5157. What is the hundreds digit of d/(-7) - 30/(-70)?
6
Let x(n) be the third derivative of 7*n**6/40 + n**4/24 - n**3/6 - 44*n**2. Let g be x(1). What is the units digit of -2*-5*(-2)/(-6)*g?
0
Suppose x = -54 + 208. Let w = -146 + x. Suppose -w*f + 1308 = -76. What is the tens digit of f?
7
Suppose -9303 = 2*x - 19*x + 173855. What is the tens digit of x?
7
Suppose -3*g + 140 = g. Suppose 12*h - 289 = g. What is the units digit of (-9)/(-6) + h/6?
6
Let c(b) = -3*b**2 - 20*b - 26. Let m(v) = v**2 + 1. Let p(d) = -c(d) - 2*m(d). Let l(o) be the first derivative of p(o). What is the units digit of l(5)?
0
Let p(a) = -2*a**2 - 2*a - 12. Let k be p(0). What is the units digit of -8 - k - (-565 - 0)?
9
Let g = 110 - 85. Suppose g*q - 24*q = 11. Suppose r - 519 = -3*b, -5*r + 4 = -q. What is the units digit of b?
2
Let b be ((-16)/(-6) - 2)/((-3)/(-63)). Let f(k) = k**3 - 16*k**2 + 29*k - 19. Let y be f(b). What is the units digit of (-20 - y)/((-1)/5)?
5
Let b = -485 + 485. Suppose -4*k - 11 = -7, -3*l - 5*k + 2224 = b. What is the units digit of l?
3
Let y(m) = -3*m**2 - 72*m + 13. Let w(s) = -3*s**2 - 72*s + 13. Let z(v) = 4*w(v) - 3*y(v). What is the hundreds digit of z(-22)?
1
Let n be (-2 - 40/(-24))*3. Let l be (-1 - (2 - 4))/(-1). What is the units digit of (l*4)/(n*(-3)/(-6))?
8
Suppose 0 = -6*c + 2 + 10. Suppose 3*a + 2*d + 6 = c, a - 2*d = 12. Suppose 0 = -0*k - a*k + 116. What is the units digit of k?
8
Suppose 0 = i - 4*y - 7201, 4*y + 6258 = 2*i - 8132. What is the thousands digit of i?
7
Let a = 1492 - 2130. Let f = 1055 + a. What is the tens digit of f?
1
Suppose -3*j + 31 - 25 = 0. What is the hundreds digit of (260/78)/(j/249)?
4
Let y(k) = -184*k - 2338. What is the tens digit of y(-52)?
3
Let q = 573 + -247. Suppose 3*o - q = -83. What is the tens digi